 3*z - 33, 5*z - 53 = -3*x + 4. List the prime factors of x.
2, 3
Let c = 20 + 3. Suppose c = 4*l - j, j = -6*l + l + 40. Let g = l - 1. List the prime factors of g.
2, 3
Suppose -429 = 4*y - 5*x - 1735, -1320 = -4*y - 2*x. What are the prime factors of y?
7, 47
Suppose 0*z = 4*z - 4. Suppose 0*v - 5*v = 5. List the prime factors of 1 + v + 1 + z.
2
Let r(n) = -6*n**3. What are the prime factors of r(-2)?
2, 3
List the prime factors of 6 + -8 - 1*-47.
3, 5
Let p be 10 - 0 - (-3 + 6). Suppose -1 = b - p. List the prime factors of -36*((-21)/b - -3).
2, 3
What are the prime factors of (178 + 0)/(8 + -6)?
89
Let r(p) = -p + 16. Let h be r(7). Let u(o) = -4*o**2 - h + 3*o + o**3 + o - 2*o**2. What are the prime factors of u(6)?
3, 5
Suppose -4*b = -b - 12. Let g(i) = 2*i**2 - 1 - 5*i**2 - 1 + 2*i + i**3 - 4. List the prime factors of g(b).
2, 3
Suppose 53 = l - 55. Let b = l - 61. List the prime factors of b.
47
Let k = 5 + -3. Suppose 0 = -2*o - 2, o + 3*o + 12 = 4*s. Let l = s + k. List the prime factors of l.
2
Suppose 0 = -25*a + 20*a + 330. What are the prime factors of a?
2, 3, 11
Let d = 7 + 23. What are the prime factors of d?
2, 3, 5
Let s(m) = -m**3 - 2*m**2 + 4*m. Let h be s(-6). Let p be ((-1)/2)/((-2)/h). Suppose f + p = 3*f. What are the prime factors of f?
3, 5
Let y = 116 + -82. Suppose y = 5*t - 96. What are the prime factors of t?
2, 13
Let f be -2 + -1*(-1 + 1). Let h = 15 - f. List the prime factors of h.
17
Suppose 5*h + 0*h = 900. Suppose 5*y = -3*q + h, q = 5*y - 228 + 28. List the prime factors of y.
3, 13
Suppose 3*n - 56 - 67 = 0. Suppose -n = -3*z + 1. List the prime factors of z.
2, 7
Let t = 130 + -70. What are the prime factors of t?
2, 3, 5
Suppose -3*h + 106 = 5*c, -5*c + h + 84 = -14. List the prime factors of c.
2, 5
Let z(l) = l**3 + 11*l**2 + 11*l + 5. Let r be ((-13)/5 - -3)*-25. Let i be z(r). List the prime factors of (1/(-2))/(i/120).
2, 3
Let o = 235 - 156. List the prime factors of o.
79
List the prime factors of 391 - (2 + (-4 + 3)*0).
389
Let l = 49 - 37. What are the prime factors of l?
2, 3
Let k(o) = 10*o + 2. Let q(s) = s**2 - s - 1. Let a(y) = -k(y) - q(y). List the prime factors of a(-7).
13
Let s(d) = d**3 - 2*d**2 - 7*d. List the prime factors of s(5).
2, 5
Suppose 2*o - 70 - 4 = 0. Let q = o - 23. List the prime factors of q.
2, 7
Suppose 2*f + 2*f = 3*u - 7, -3*f - 19 = -5*u. Suppose -4*a + u*a = 0. Suppose 5*r - p - 51 = a, 2*r = -p + 6*p + 2. List the prime factors of r.
11
List the prime factors of -51*(100/(-30) + 0/(-1)).
2, 5, 17
Suppose 3*v + v = 2*n + 58, -3*v - 60 = 3*n. Let d = 55 + n. List the prime factors of d.
2
Let u be 2/(-8) + 2/8. Let l be (8 + -2)/(2 + u). Suppose 0 = 4*k + 4*p - 84, -l*p = -3*k - 7*p + 68. List the prime factors of k.
2
Suppose -31 = -9*j + 41. List the prime factors of j.
2
Let h(d) = -d**3 + 8*d**2 + 4*d + 19. List the prime factors of h(8).
3, 17
Suppose -17*q - 1751 + 4233 = 0. List the prime factors of q.
2, 73
Let s(p) = p**3 + 7*p**2 + 6*p - 6. Let n be s(-6). What are the prime factors of (4/n)/(16/(-72))?
3
What are the prime factors of ((-65)/(-20))/((-3)/(-12))?
13
Suppose -3*u + 97 = -5*v, 3*u - 111 = -u + 3*v. Suppose 0 = 4*m - 5*m + u. What are the prime factors of m?
2, 3
Let m(v) = -5*v**3 + v**2 - 4*v - 6. Let s(c) = 7*c**3 - 2*c**2 + 6*c + 9. Let j(r) = 8*m(r) + 5*s(r). What are the prime factors of j(-2)?
3, 11
Suppose 3*f - 6*b - 895 = -2*b, 3*b - 6 = 0. What are the prime factors of f?
7, 43
Suppose 3*f - r - r = 21, 0 = 3*f + 4*r - 3. List the prime factors of f.
5
Suppose 5*y - 4*i + 5*i - 194 = 0, -5*y = 5*i - 190. List the prime factors of y.
3, 13
Let h be 40/4 - 12/(-4). Let l = -5 + h. List the prime factors of l.
2
Let o(k) = 30*k + 6. What are the prime factors of o(4)?
2, 3, 7
Let u(d) = 9*d - 3. List the prime factors of u(1).
2, 3
Let q(b) = 29*b**2 - 3*b - 29*b**2 - 1 - 6*b**3. What are the prime factors of q(-2)?
53
Let z(c) be the first derivative of -c**4/2 + c**3 + c**2 + c + 7. What are the prime factors of z(-2)?
5
Let n(r) = r**2 - 8*r + 4. Let p be n(6). Let v(x) = x**3 + 8*x**2 - x. Let t be v(p). Suppose -k + t = j, 0*j + 2*j = 4*k - 2. What are the prime factors of j?
5
Let h be (-1)/(-7) + (-7)/49. Let q = h - -11. List the prime factors of q.
11
Suppose -4*r + 4 = 5*k - 29, 5 = k. Suppose -r*x + 16 + 16 = 0. What are the prime factors of x?
2
Let p = 1 + 0. Let c be p/(1*(-3)/(-6)). What are the prime factors of 2 - 0/(-4 + c)?
2
Suppose -z - 2*z = 9, 2*f + 4*z - 476 = 0. What are the prime factors of f?
2, 61
Let g be (0/(-2) + -2)*-2. Let n = 10 - g. List the prime factors of n.
2, 3
Suppose 0 = -3*v - 9 + 24. Suppose 5*h - v = 30. List the prime factors of h.
7
Suppose 0 = -0*o + o. Let m = o - -6. What are the prime factors of m?
2, 3
Let p(n) = n**3 - 2*n**2 - 9*n + 8. What are the prime factors of p(4)?
2
Let l = -4 - -3. Let j = l - -3. Suppose -4*k + 20 = -0*k + j*q, 0 = -3*k - 4*q + 10. List the prime factors of k.
2, 3
Let q be 22*(-1)/(-6)*3. Let k = q + -3. List the prime factors of k.
2
Let k = 13 + -7. Let r(u) = 7*u - 1. Let w be r(k). Suppose -5*q + 29 = -w. List the prime factors of q.
2, 7
Let j = 226 - 109. What are the prime factors of j?
3, 13
Let c(l) = 2*l**2 + 3*l + 4. Let i = -4 + 7. List the prime factors of c(i).
31
Suppose 5*b - 23 = -8. Let q(x) = -x + x**2 - x + x. What are the prime factors of q(b)?
2, 3
Let d(u) = -u**2 + 6*u. Let s be d(5). Suppose -4*o + 4*t - 3*t = s, 2*t = o + 3. Let y = o + 14. List the prime factors of y.
13
Suppose 5*n - 2*l = -0*l + 15, 4*l = 0. Suppose -7 - 5 = n*f. List the prime factors of (-3 + 1)/(2/f).
2
Suppose -75 = -a + 5*j, -2*a + 7*a + 2*j = 429. List the prime factors of a.
5, 17
Let c be (4 + -3)/(-1 - 0). Let s = c + 4. Suppose 3*a = 2*h - 24, 0 = -3*h + s*a - 0*a + 39. What are the prime factors of h?
3, 5
Suppose 0 = -2*t - 4*n + 6, -5*t = 3*n - n - 23. Suppose -2*q + 24 - 18 = 0. Suppose q*h + 4*k = 29, -2*h = -k - 17 + t. What are the prime factors of h?
7
Let u be ((0 - -3) + 7)/2. Let x(s) = -s**3 + 6*s**2 + 2*s + 5. What are the prime factors of x(u)?
2, 5
Let n = 370 - 219. List the prime factors of n.
151
Suppose 0 = -2*f - 0 + 4. Suppose -2*c - 49 = -0*c + 5*r, f*c + 3*r = -55. Let k = -18 - c. List the prime factors of k.
2, 7
Suppose -6*o = -2*o - 28. Suppose -p + o = -5. What are the prime factors of p?
2, 3
Let n(a) = -a**2 + 13*a + 9. What are the prime factors of n(9)?
3, 5
Let g(n) = -4*n + 4*n**3 + n**3 + 2*n**3 - 5*n**3. Let s be g(3). Suppose y - s = -3*q + 4*y, -2*q - 4*y = -10. List the prime factors of q.
11
Let o(v) = v + 5. Let t be o(5). List the prime factors of t*(-3 - (-108)/20).
2, 3
Let q = -53 + 113. Suppose -q = -2*t - 2*t. What are the prime factors of t?
3, 5
Let j = 1 - -34. What are the prime factors of j?
5, 7
Suppose -4*o = -3*o - z - 47, -5*o - 2*z = -221. List the prime factors of o.
3, 5
Suppose -5 + 157 = 5*x + 4*r, x = r + 25. Suppose -3*s - x = -s. Let w = s - -23. List the prime factors of w.
3
Suppose 4*p = 5*y - 7*y + 658, y = -3*p + 326. What are the prime factors of y?
5, 67
Suppose -10*q = -3*q - 462. List the prime factors of q.
2, 3, 11
Suppose -6*x - 25 = 11. Let n(i) be the second derivative of i**5/20 + 7*i**4/12 + 5*i**3/6 + 3*i**2 + i. List the prime factors of n(x).
2, 3
Let k = -8 + 59. What are the prime factors of k?
3, 17
Let x(a) = -11*a + 2. List the prime factors of x(-4).
2, 23
Suppose f = -4*f + 65. List the prime factors of f.
13
List the prime factors of 5/10 + 74/4.
19
Suppose 0 = 4*i - 16, -l - l = 5*i - 44. Suppose 4*t + l = 0, 3*t - 6 = -2*j + 5. What are the prime factors of j?
2, 5
Let j(c) = c**2 + 7*c + 3. Let m be j(-10). Suppose -2*x + 5*i + 70 = 0, 3*x - 2*x - m = 2*i. List the prime factors of x.
5
Let b(o) = o - 9. Let d be b(4). Let x be 1/(15/(-12))*d. Let f = 3 + x. What are the prime factors of f?
7
Let h(k) = k**2 + 18. What are the prime factors of h(-14)?
2, 107
Suppose -73*y + 28 = -72*y. What are the prime factors of y?
2, 7
Let l = -492 - -815. List the prime factors of l.
17, 19
Let b = 18 + -10. What are the prime factors of (-2)/8 - (-290)/b?
2, 3
Let c(w) = -w. List the prime factors of c(-3).
3
Let u be -16*(2 - (-33)/(-12)). Suppose 2*j - 4